(2 - 3)). Let v = -210 - -354. What is the greatest common divisor of w and v?
18
Let x(a) = -12*a**2 - 7*a - 12. Suppose 18 = 16*j - 19*j. Let n be x(j). Let b = -270 - n. Calculate the highest common factor of b and 88.
44
Let i = -9721 + 9701. Let h(y) = -6 - 2*y - 2*y - 54. Let r be h(i). What is the greatest common factor of 20 and r?
20
Let k be (-31)/(-3) + (-4)/(-6). Suppose 5*z - 259 = 4*u + 590, -3*z - u + 489 = 0. Calculate the greatest common factor of k and z.
11
Suppose 3 + 13 = 4*q. Suppose -q*x + 14 = -2. Suppose -3*l = 3*z, -2*z + x*l + 13 = -5. Calculate the highest common factor of z and 27.
3
Suppose -5478*z + 5395*z + 943793 = 0. What is the greatest common divisor of 166 and z?
83
Let y be 2/10 + -2 + (-96)/(-20). Suppose -2*d + o - 87 = 4*o, 2*d + o + 81 = 0. Let m = d - -44. What is the highest common factor of m and y?
1
Let b be ((4 + 44)*-1)/((-92)/138). What is the highest common divisor of 1278 and b?
18
Suppose -23*i + 26*i - 46*i + 28 = -58. Suppose -141 + 27 = -3*b. Calculate the greatest common divisor of i and b.
2
Let f = 48 + -51. Let c(t) = -3*t**3 - 9*t**2 - 8*t + 5. Let i be c(f). What is the highest common factor of 377 and i?
29
Let b = -5 - -17. Let j(a) = 1444*a + 2896. Let w be j(-2). What is the greatest common factor of w and b?
4
Suppose 2*p - 12 = -2, -3*p + 19 = 2*d. Suppose 0 = -d*a - y + 33, 16*y - 6 = 18*y. What is the highest common divisor of a and 279?
9
Suppose 3*g + 3*l = 32421, -3*g + 32428 = 611*l - 615*l. What is the greatest common divisor of 14 and g?
14
Suppose -4*n = -4*i - 50140, -2*n - 3*i + 8295 = -16765. What is the highest common divisor of 83 and n?
83
Let m be (-55)/(-10 - -21) - -537. What is the greatest common divisor of m and 2432?
76
Let k be 85/(2125/1050) - 28. Let i be (-6)/(-9) + 248/6. What is the greatest common divisor of i and k?
14
Let y = 2715 - 2598. What is the greatest common factor of y and 364?
13
Let r = 982 + -669. Suppose z = -l + r, 2*z - l - 621 = -2*l. What is the highest common divisor of 70 and z?
14
Let l be ((-19814)/(-6) - 0) + 141/(-423). Calculate the greatest common factor of l and 52.
26
Suppose 3*x + t - 197 - 488 = 0, 0 = -2*x - 3*t + 480. Suppose 0 = -2*j - 3*m + 59, -m + 4 = 1. What is the highest common factor of j and x?
25
Let r be 4/16 - 7238844/(-144). Calculate the greatest common divisor of r and 22.
22
Let k(o) = 9*o**3 + 2*o**2 - o + 4. Let j be k(2). Suppose 5*t = -3*s + 4*s - j, 4*t = 4*s - 248. Calculate the highest common divisor of 19 and s.
19
Let s = -187 - -1073. Let y = s - 678. What is the greatest common divisor of 130 and y?
26
Suppose 9*g + 6*g = 2820. Suppose -5*d + g + 22 = 0. Calculate the greatest common factor of 6 and d.
6
Let b(i) = i**3 + 5*i**2 + i + 7. Let x be b(-5). Suppose 24*n - 106 = -29*n. Suppose n*q + 0*q = -t + x, 0 = -q. What is the highest common factor of t and 16?
2
Suppose -2*v + 4 = -5*d, 9*d + 3*v = 5*d + 6. Suppose d = -75*c + 74*c + 35. What is the greatest common factor of c and 10?
5
Let x = -442 - -879. Suppose 4*b + x = 5*k, -113 = 5*b - k + 428. Let f = b - -128. Calculate the greatest common divisor of f and 40.
20
Let g = 2375 + 1069. Calculate the highest common factor of g and 126.
42
Let n be ((-74)/(-10))/(2388/(-300) - -8). What is the greatest common factor of n and 962?
37
Let x(r) = 155*r**2 + r + 2. Let p be x(1). Suppose 0 = -3*l + 6*l - 3*j - 132, 4*l + 5*j = p. What is the highest common divisor of 24 and l?
6
Let s(z) = z**2 + 6*z - 980. Let b be s(-41). Calculate the highest common factor of 20 and b.
5
Suppose -5*v = -2*o + 213, 21*v = 3*o + 20*v - 313. What is the greatest common divisor of 360 and o?
8
Let p be (-21640927)/(-2772) + 3/108. What is the highest common divisor of p and 37?
37
Let n = -171 - -528. Suppose 3*v = -4*a + 63, v - 26 = -3*a - 0*a. Calculate the highest common factor of n and v.
17
Suppose 0 = 8*l - 4*l. Let p(x) = 2179 - 4315 + 2154 - x. Let d be p(l). What is the greatest common divisor of 27 and d?
9
Let n = 46 + -40. Suppose -n*f = -4*f - 168. Suppose f = 2*a + y + 5, 0 = -5*y - 25. What is the highest common factor of 84 and a?
42
Let v(s) = 7*s**2 - 2*s + 13. Let n be v(3). Let j = -4 + 4. Suppose 0 = -j*y - 2*y + 20. Calculate the highest common factor of n and y.
10
Let z(w) = -w**3 + 16*w**2 - 9*w - 3. Let g be z(13). Suppose h = -3*p - 2*h + g, -5*p + 4*h = -618. Calculate the highest common factor of p and 72.
18
Suppose -31*t = -33*t + 2. Let p(h) = 9*h - 7*h + 5 + 9*h**2 - 4 + 0. Let o be p(-1). What is the highest common factor of t and o?
1
Let w(s) = 70*s - 54. Let t be w(8). Calculate the greatest common divisor of t and 1564.
46
Let k be 18/261 - (-828116)/116. Calculate the greatest common divisor of k and 121.
121
Suppose -1200 - 2100 = -33*n. What is the greatest common factor of n and 16?
4
Let r be 24/852 - 57500/(-355). What is the highest common divisor of r and 20493?
81
Suppose 30*v - 37*v + 2436 = 0. Let p = v + -333. Let d be (-2)/(-2*2/30). Calculate the greatest common divisor of p and d.
15
Let o = 10 + 6. Suppose -p - 3*p = 5*c - 11, 4*p = -4*c + o. Let s(z) = 8*z**2 - 2*z - 3. Let d be s(3). What is the highest common divisor of p and d?
9
Suppose 2*g = -m + 7*g + 52, -4*m + 4*g = -112. Calculate the greatest common divisor of 77 and m.
11
Suppose 2*i + 11 = -a, -3*a - 120 = 2*a - 3*i. Let d(f) = f**2 + 14*f - 48. Let w be d(a). What is the highest common factor of w and 9?
9
Let t(r) = -21*r - 61. Suppose 0 = 2*l - 3*w + 24, 10*w = -3*l + 7*w - 21. Let b be t(l). What is the highest common divisor of 576 and b?
64
Let d(y) = -486*y - 5504. Let z be d(-68). What is the highest common factor of z and 88?
88
Let o(k) = -321*k - 171. Let t be o(-1). Calculate the highest common factor of t and 1750.
50
Suppose a + v = 230 + 99, -a - 3*v + 329 = 0. Let o = a + -1. What is the greatest common divisor of o and 41?
41
Let l(r) = -2*r**3 + 36*r**2 + 3*r - 45. Let p be l(18). Let i be (640/(-30))/((-6)/p). What is the highest common divisor of 24 and i?
8
Let q(n) be the second derivative of -2/3*n**3 + 7*n + 0 - 9*n**2 + 1/12*n**4. Let r be q(-14). What is the highest common factor of 26 and r?
26
Let z(q) = q**2 + 25*q + 44. Let c be z(-23). Let a be (-13)/(c/(-100)*-2). What is the highest common factor of 50 and a?
25
Let j = 4552 + 1628. What is the highest common divisor of 50 and j?
10
Let d(o) = -24*o**2 - 159*o + 788. Let l be d(-9). Let m be (-4)/6 - (-154)/6. What is the highest common divisor of l and m?
25
Let x = 51 - 31. Suppose -51235 = 38*h - 12019. Let o = 1192 + h. What is the highest common factor of o and x?
20
Suppose 123*l - 36 = 121*l. Let f(g) = -g**3 - 4*g**2 - g + 2. Let m be f(-3). Let o be m/l - (-148)/18. Calculate the highest common factor of o and 56.
8
Let m(s) = 3*s + 1. Suppose -3*b - x + 1 = 0, b - x + 0 + 1 = 0. Let i be m(b). Suppose 8*z - i = 1223. What is the greatest common factor of z and 17?
17
Suppose i = 5*t + 57028, 0*i - 4*t = -3*i + 171040. What is the greatest common divisor of 14 and i?
14
Let o(q) = 2*q**2 - 110*q + 339. Let w be o(3). Suppose 6*f - 7*f + 27 = 0. Calculate the greatest common factor of w and f.
27
Let f(l) = l**3 - 80*l**2 + 184*l - 198. Let j be f(78). What is the highest common factor of 6 and j?
6
Suppose 0 = -20*o + 28704 + 14026 + 19790. Calculate the highest common factor of o and 6.
6
Suppose 0 = -904*m + 907*m - 3*r - 5931, 4*m = -3*r + 7929. What is the highest common factor of 45 and m?
45
Let l(k) = -k**3 + 4*k**2 + 175*k - 525. Let w be l(3). What is the highest common factor of w and 20826?
9
Suppose 32*g - 5*g + 14*g - 87248 = 0. Calculate the greatest common divisor of g and 112.
112
Let l(k) be the third derivative of -k**5/30 - 5*k**4/24 + 100*k**3/3 + 2*k**2 + 13*k. Let h be l(0). Calculate the highest common factor of 50 and h.
50
Let z be 16/88 - (-36180)/(-66). Let t = z + 597. What is the highest common factor of t and 833?
49
Suppose -5*m = 10*v - 13*v + 20, v - 8 = 3*m. Suppose -b + 2 = -p - 77, b - v*p = 59. What is the greatest common divisor of 21 and b?
21
Suppose 3*u = -5*i + 305, 5*u - 4*i + 1304 = 18*u. Calculate the greatest common factor of u and 160.
20
Let p(m) = 6*m**2 - 3*m - 1. Let c(g) = -g**2 + g - 1. Le